55
In base 16, what is 10a2 - 72?
1030
In base 11, what is 37344 + 1?
37345
In base 4, what is 322 - -1013223?
1020211
In base 5, what is 3 + 3111110?
3111113
In base 15, what is 153bc - 2?
153ba
In base 9, what is -5 + -1303246?
-1303252
In base 10, what is 380 + -1?
379
In base 2, what is -111011 - 1001100000011?
-1001100111110
In base 9, what is -635 + -342?
-1077
In base 7, what is 2051 - -15?
2066
In base 2, what is 10010101110011 - 10110?
10010101011101
In base 14, what is 4 + 10a25?
10a29
In base 12, what is 4 - 385a?
-3856
In base 4, what is -3331233 - -30?
-3331203
In base 16, what is -f45 + -5d?
-fa2
In base 12, what is 652 - -aa?
740
In base 11, what is -1 + -59a32?
-59a33
In base 10, what is -27840 + -1?
-27841
In base 7, what is -66400 + -46?
-66446
In base 11, what is -188 + 72?
-116
In base 14, what is 939 + 49?
984
In base 6, what is -424102 + -10?
-424112
In base 13, what is -5 - -12ac8?
12ac3
In base 8, what is -37246 + 0?
-37246
In base 5, what is -4 + 30214412?
30214403
In base 12, what is 43454 + -1?
43453
In base 2, what is -10100011101110 - 0?
-10100011101110
In base 16, what is 1 - -22f?
230
In base 9, what is 1884 - 60?
1824
In base 9, what is -1 + 54504?
54503
In base 6, what is 22 - 14115?
-14053
In base 4, what is 0 - -331100000?
331100000
In base 11, what is -27 - 202?
-229
In base 14, what is 19739 + -4?
19735
In base 15, what is b63 + -e?
b54
In base 10, what is 930 - 2?
928
In base 15, what is -18d4b - 1?
-18d4c
In base 12, what is -63842b + -4?
-638433
In base 15, what is -7 + 7d3?
7cb
In base 12, what is a302 + -10?
a2b2
In base 13, what is 7 - 2375c?
-23755
In base 9, what is -3 - -2005862?
2005858
In base 15, what is 8 - a33eb?
-a33e3
In base 8, what is 117171 + -3?
117166
In base 6, what is 33421 + -1052?
32325
In base 8, what is -7742521 - 4?
-7742525
In base 14, what is -72 - 1825c?
-182d0
In base 9, what is -2 + 265170?
265167
In base 8, what is -1 - 15200?
-15201
In base 16, what is 55e - -25?
583
In base 16, what is -6d - -3db9?
3d4c
In base 8, what is 421773 + -7?
421764
In base 9, what is 4 - -233023?
233027
In base 15, what is -2a3e + -265?
-2ca4
In base 6, what is -23404 - 225?
-24033
In base 9, what is -4 + 105721?
105716
In base 3, what is -12 - 11122000?
-11122012
In base 13, what is -5 + -4150?
-4155
In base 5, what is 2014313123 + -1?
2014313122
In base 11, what is -878 + 868?
-10
In base 14, what is 3 + -164198?
-164195
In base 9, what is 6 + -6187?
-6181
In base 16, what is 92d1 - 6?
92cb
In base 12, what is 122640 - -2?
122642
In base 13, what is 1b1ab - 4?
1b1a7
In base 11, what is -4a - 1156?
-11a5
In base 14, what is 8 + -4524?
-451a
In base 3, what is -12 - -10201111112?
10201111100
In base 12, what is 29203a + 3?
292041
In base 7, what is 5 + 14330?
14335
In base 8, what is -7 + 210607?
210600
In base 2, what is -10010 + -1001111110111001?
-1001111111001011
In base 11, what is 1987 + -22?
1965
In base 10, what is 282 + 329?
611
In base 13, what is 15 + 92a6?
92bb
In base 8, what is 13702 - -611?
14513
In base 4, what is 10 - 103323121?
-103323111
In base 12, what is -8a6 - -42?
-864
In base 11, what is -4 + 44691?
44688
In base 4, what is 20 - 31310131?
-31310111
In base 6, what is -13132454 - 3?
-13132501
In base 4, what is -2001 - -30202?
22201
In base 7, what is 541 + 10556?
11430
In base 12, what is -104480 + 2?
-10447a
In base 5, what is 313234 + 1?
313240
In base 14, what is ddd - -b?
100a
In base 6, what is 23325 + -1313?
22012
In base 4, what is 1 + -23133001?
-23133000
In base 11, what is 44 + 9287?
9320
In base 3, what is -11 - 10120201?
-10120212
In base 10, what is -114 + -32718?
-32832
In base 14, what is -2db - -2d?
-2ac
In base 5, what is -113 - 31000?
-31113
In base 15, what is 55 - -183?
1d8
In base 8, what is 53 - 4111?
-4036
In base 11, what is -32148 + 4?
-32144
In base 2, what is 11111001111000 - 11?
11111001110101
In base 3, what is 1101211 + 10200?
1112111
In base 14, what is 95d + 0?
95d
In base 10, what is -9015 - -283?
-8732
In base 14, what is -10c4 - 5?
-10c9
In base 5, what is 22130 - 4223?
12402
In base 10, what is -1 - -78154?
78153
In base 9, what is -6 - 104011?
-104017
In base 6, what is -1152 - 110221?
-111413
In base 7, what is 2 - -535042?
535044
In base 13, what is -63 + -3273?
-3306
In base 9, what is 288608 - 0?
288608
In base 12, what is -4b4 + -687?
-b7b
In base 3, what is 11221102112 - 10?
11221102102
In base 16, what is -4 - 69f1?
-69f5
In base 11, what is 16 - -6068?
6083
In base 11, what is -68 + -505?
-572
In base 8, what is 3 + 12063?
12066
In base 10, what is -77 + 35522?
35445
In base 7, what is -11 + -245455?
-245466
In base 6, what is -14241312 - -5?
-14241303
In base 15, what is -6807 - 5?
-680c
In base 16, what is 5 - -2833?
2838
In base 5, what is -133 + -10213?
-10401
In base 16, what is -5 - -5fb4?
5faf
In base 14, what is 1ad + -38?
175
In base 9, what is 31776 + 1?
31777
In base 11, what is 60104 - 5?
600aa
In base 10, what is 3927 + -234?
3693
In base 8, what is -504524 - 3?
-504527
In base 16, what is 98 - -593?
62b
In base 2, what is -100110110110111111 + -100?
-100110110111000011
In base 5, what is 1030041 - 3?
1030033
In base 5, what is -2442023 + -23?
-2442101
In base 3, what is -102021210002 - 10?
-102021210012
In base 8, what is -10452 + -1416?
-12070
In base 11, what is 149 - 11710?
-11572
In base 4, what is -11200 + 333330?
322130
In base 13, what is 1 + -1340a7?
-1340a6
In base 2, what is 11110100 - -1001101110111?
1010001101011
In base 3, what is -1021000 + -10002?
-1101002
In base 10, what is -197838 + -5?
-197843
In base 13, what is -28 + 6b?
43
In base 16, what is -201ea - 5?
-201ef
In base 7, what is 16 + 15256?
15305
In base 6, what is -1240325 + 4?
-1240321
In base 8, what is -216 + -1310?
-1526
In base 14, what is dd32 + 0?
dd32
In base 4, what is -111303211 - -103?
-111303102
In base 15, what is 5 + bed05?
bed0a
In base 2, what is -101100 - 10001011?
-10110111
In base 2, what is 1110110110101000 - -101?
1110110110101101
In base 9, what is -13 - 3233?
-3246
In base 8, what is -5 + -245771?
-245776
In base 4, what is -30003 + -10131?
-100200
In base 6, what is -1545 - -4202?
2213
In base 9, what is -2506875 - -1?
-2506874
In base 16, what is -12a + -333?
-45d
In base 5, what is -2 - -1044022?
1044020
In base 2, what is -11001000101 + 111001111?
-10001110110
In base 7, what is -6 + 326341?
326332
In base 4, what is -111002 + -2023?
-113031
In base 11, what is -12730 + -7?
-12737
In base 10, what is 4 - 67732?
-67728
In base 4, what is -1320313 - -31?
-1320222
In base 10, what is -7070 - 43?
-7113
In base 13, what is 892 - -26?
8b8
In base 10, what is 995104 + 5?
995109
In base 13, what is -1 - -79b40?
79b3c
In base 6, what is -1 + -51103?
-51104
In base 7, what is 100134 - -31?
100165
In base 2, what is -1101 - -101100100011010?
101100100001101
In base 4, what is -20 - -2213313?
2213233
In base 14, what is 748 - 7b?
6ab
In base 13, what is -15069 - -18?
-15051
In base 12, what is 9bb - -566?
1365
In base 2, what is -10110010 - -11101100000?
11010101110
In base 11, what is -22a + -4032?
-4261
In base 4, what is 0 + 311323010?
311323010
In base 16, what is 1cc - -10?
1dc
In base 5, what is -41 + 43403?
43312
In base 9, what is -372672 + -1?
-372673
In base 5, what is -4323 - -131?
-4142
In base 12, what is 147599 - 1?
147598
In base 5, what is -31231233 - -1?
-31231232
In base 3, what is 12 + 220011121?
220011210
In base 9, what is 354 - -3383?
3747
In base 7, what is -60316056 + -4?
-60316063
In base 16, what is 3c92 + e?
3ca0
In base 6, what is 2 - -254541?
254543
In base 8, what is 3726 - -2346?
6274
In base 16, what is -5d - a4b?
-aa8
In base 12, what is -a0 - -b9b?
abb
In base 2, what is 1101 + -1001101110110000011?
-1001101110101110110
In base 5, what is -132 + 1010?
323
In base 13, what is 630bb - -4?
630c2
In base 5, what is 14 - -14422?
14441
In base 4, what is -2213 - 220120?
-222333
In base 4, what is 2 - -1012332032?
1012332100
In base 7, what is -442631 - 12?
-442643
In base 5, what is 3020 + -21?
2444
In base 7, what is -1200313 - 0?
-1200313
In base 4, what is 3 + 1332233?
1332302
In base 3, what is -1122011022 - 2122?
-1122020221
In base 10, what is -581 - -3051?
2470
In base 14, what is -7a3